{"id":15,"date":"2016-08-23T10:04:18","date_gmt":"2016-08-23T08:04:18","guid":{"rendered":"http:\/\/www.kfi.se\/wp-index.php\/?page_id=15"},"modified":"2021-05-26T15:47:02","modified_gmt":"2021-05-26T13:47:02","slug":"forskning","status":"publish","type":"page","link":"https:\/\/www.kfi.se\/wp-index.php\/forskning\/","title":{"rendered":"Forskningsomr\u00e5den"},"content":{"rendered":"<p>Verksamheten \u00e4r organiserad i \u00e5tta forskningsomr\u00e5den som alla arbetar med att initiera och genomf\u00f6ra forskningsprojekt samt f\u00f6rmedla forskningsresultat.<!--more--><\/p>\n<p>De olika omr\u00e5dena arbetar med KFi:s alla uppgifter som \u00e4r\u00a0grundforskning, uppdragsforskning, forskningsinformation, internationella utblickar och framtagning av utbildningar.<\/p>\n<p><em>\u00a0<\/em><\/p>\n<h4><img loading=\"lazy\" decoding=\"async\" class=\"alignleft wp-image-743\" src=\"https:\/\/www.kfi.se\/wp-content\/uploads\/2016\/11\/Redovisning-300x200.jpg\" alt=\"Board of directors. Financial report. Counting of profits.\" width=\"350\" height=\"233\" srcset=\"https:\/\/www.kfi.se\/wp-content\/uploads\/2016\/11\/Redovisning-300x200.jpg 300w, https:\/\/www.kfi.se\/wp-content\/uploads\/2016\/11\/Redovisning-768x512.jpg 768w, https:\/\/www.kfi.se\/wp-content\/uploads\/2016\/11\/Redovisning-1024x683.jpg 1024w, https:\/\/www.kfi.se\/wp-content\/uploads\/2016\/11\/Redovisning-772x515.jpg 772w, https:\/\/www.kfi.se\/wp-content\/uploads\/2016\/11\/Redovisning-288x192.jpg 288w, https:\/\/www.kfi.se\/wp-content\/uploads\/2016\/11\/Redovisning.jpg 1200w\" sizes=\"(max-width: 350px) 100vw, 350px\" \/><\/h4>\n<h4><\/h4>\n<h4>Redovisning<\/h4>\n<p>Det \u00f6vergripande syftet med redovisningsforskningen p\u00e5 KFi \u00e4r att f\u00f6rb\u00e4ttra informationsf\u00f6rmedlingen av kommunernas och regionernas ekonomi. Det sker bland annat genom att utveckla metoder f\u00f6r finansiell analys samt studera och p\u00e5verka utformningen och inneh\u00e5llet i centrala dokument s\u00e5som \u00e5rsredovisningen.<\/p>\n<p>&nbsp;<\/p>\n<h4><strong>Social styrning och redovisning<\/strong><\/h4>\n<p>Social styrning och redovisning \u00e4r ett samlingsbegrepp f\u00f6r olika redovisningsmetoder och styrtekniker som g\u00e5r bortom det rent ekonomiska, ofta med ambitionen att styra och f\u00f6lja upp h\u00e5llbarhetsrelaterade m\u00e5ls\u00e4ttningar s\u00e5som sociala investeringar, koldioxidbudgetar, v\u00e4lf\u00e4rdsbokslut och samh\u00e4llsekonomiska analyser. Fokus ligger h\u00e4r p\u00e5 dessa framv\u00e4xande teknikers anv\u00e4ndning i praktiken samt deras relation till akt\u00f6rer och processer i en st\u00f6rre organisatorisk och politisk kontext.<\/p>\n<p>&nbsp;<\/p>\n<h4><img loading=\"lazy\" decoding=\"async\" class=\"alignleft wp-image-744\" src=\"https:\/\/www.kfi.se\/wp-content\/uploads\/2016\/11\/Organisering-300x200.jpg\" alt=\"Beautiful young businesswoman putting adhesive notes on glass wall in office\" width=\"350\" height=\"233\" srcset=\"https:\/\/www.kfi.se\/wp-content\/uploads\/2016\/11\/Organisering-300x200.jpg 300w, https:\/\/www.kfi.se\/wp-content\/uploads\/2016\/11\/Organisering-768x512.jpg 768w, https:\/\/www.kfi.se\/wp-content\/uploads\/2016\/11\/Organisering-1024x683.jpg 1024w, https:\/\/www.kfi.se\/wp-content\/uploads\/2016\/11\/Organisering-772x515.jpg 772w, https:\/\/www.kfi.se\/wp-content\/uploads\/2016\/11\/Organisering-288x192.jpg 288w, https:\/\/www.kfi.se\/wp-content\/uploads\/2016\/11\/Organisering.jpg 1200w\" sizes=\"(max-width: 350px) 100vw, 350px\" \/><\/h4>\n<h4><\/h4>\n<h4>Organisering<\/h4>\n<p>Inom programmet studeras hur initierade akt\u00f6rer t\u00e4nker och handlar n\u00e4r det g\u00e4ller den nutida och framtida organiseringen och finansieringen av v\u00e4lf\u00e4rden. Studierna fokuserar nya och gamla organisationsformer, samh\u00e4llskontrakt, finansiering och liknande men ocks\u00e5 id\u00e9spridning.<\/p>\n<p><span style=\"color: #000000;\">\u00a0<\/span><\/p>\n<p>&nbsp;<\/p>\n<p>&nbsp;<\/p>\n<p><img loading=\"lazy\" decoding=\"async\" class=\"wp-image-756\" src=\"https:\/\/www.kfi.se\/wp-content\/uploads\/2016\/08\/Styrning-1-300x200.jpg\" alt=\"Customer-Managed Relationship Concept - Businessman Arranging Small Wooden Blocks with Symbols on the Table.\" width=\"350\" height=\"234\" srcset=\"https:\/\/www.kfi.se\/wp-content\/uploads\/2016\/08\/Styrning-1-300x200.jpg 300w, https:\/\/www.kfi.se\/wp-content\/uploads\/2016\/08\/Styrning-1-768x513.jpg 768w, https:\/\/www.kfi.se\/wp-content\/uploads\/2016\/08\/Styrning-1-1024x684.jpg 1024w, https:\/\/www.kfi.se\/wp-content\/uploads\/2016\/08\/Styrning-1-772x515.jpg 772w, https:\/\/www.kfi.se\/wp-content\/uploads\/2016\/08\/Styrning-1-288x192.jpg 288w, https:\/\/www.kfi.se\/wp-content\/uploads\/2016\/08\/Styrning-1.jpg 1200w\" sizes=\"(max-width: 350px) 100vw, 350px\" \/><\/p>\n<h4><span style=\"color: #000000;\">Styrning<\/span><\/h4>\n<p>Styrning syftar till att s\u00e4kerst\u00e4lla effektivitet i organisationer. KFi:s forskning om styrning \u00e4r inriktad p\u00e5 att kartl\u00e4gga r\u00e5dande s\u00e4tt att styra i kommuner och regioner och att ta reda p\u00e5 vilka \u00f6nskade och o\u00f6nskade effekter de ger.<\/p>\n<p>&nbsp;<\/p>\n<p><img loading=\"lazy\" decoding=\"async\" class=\"wp-image-752\" src=\"https:\/\/www.kfi.se\/wp-content\/uploads\/2016\/08\/Sjuk-omsorg-300x200.jpg\" alt=\"young medical doctor with a stethoscope around his neck holding a black folder\" width=\"350\" height=\"233\" srcset=\"https:\/\/www.kfi.se\/wp-content\/uploads\/2016\/08\/Sjuk-omsorg-300x200.jpg 300w, https:\/\/www.kfi.se\/wp-content\/uploads\/2016\/08\/Sjuk-omsorg-768x512.jpg 768w, https:\/\/www.kfi.se\/wp-content\/uploads\/2016\/08\/Sjuk-omsorg-1024x683.jpg 1024w, https:\/\/www.kfi.se\/wp-content\/uploads\/2016\/08\/Sjuk-omsorg-772x515.jpg 772w, https:\/\/www.kfi.se\/wp-content\/uploads\/2016\/08\/Sjuk-omsorg-288x192.jpg 288w, https:\/\/www.kfi.se\/wp-content\/uploads\/2016\/08\/Sjuk-omsorg.jpg 1200w\" sizes=\"(max-width: 350px) 100vw, 350px\" \/><\/p>\n<h4><span style=\"color: #000000;\">H\u00e4lso- och sjukv\u00e5rd<\/span><\/h4>\n<p>I fokus f\u00f6r programmet st\u00e5r organisering, ledning och styrning av h\u00e4lso- och sjukv\u00e5rdsorganisationer. N\u00e5got som s\u00e4rskilt uppm\u00e4rksammas \u00e4r gr\u00e4ns\u00f6verskridande organisering som tar sig uttryck i form av exempelvis processorientering och teamarbete.<\/p>\n<p style=\"text-align: left;\"><span style=\"color: #000000;\">\u00a0<\/span><\/p>\n<p>&nbsp;<\/p>\n<p><img loading=\"lazy\" decoding=\"async\" class=\"alignleft wp-image-1515\" src=\"https:\/\/www.kfi.se\/wp-content\/uploads\/2016\/08\/Pierre-Viveka-2-300x200.jpg\" width=\"350\" height=\"233\" srcset=\"https:\/\/www.kfi.se\/wp-content\/uploads\/2016\/08\/Pierre-Viveka-2-300x200.jpg 300w, https:\/\/www.kfi.se\/wp-content\/uploads\/2016\/08\/Pierre-Viveka-2-768x512.jpg 768w, https:\/\/www.kfi.se\/wp-content\/uploads\/2016\/08\/Pierre-Viveka-2-1024x683.jpg 1024w, https:\/\/www.kfi.se\/wp-content\/uploads\/2016\/08\/Pierre-Viveka-2-772x515.jpg 772w, https:\/\/www.kfi.se\/wp-content\/uploads\/2016\/08\/Pierre-Viveka-2-288x192.jpg 288w, https:\/\/www.kfi.se\/wp-content\/uploads\/2016\/08\/Pierre-Viveka-2.jpg 1200w\" sizes=\"(max-width: 350px) 100vw, 350px\" \/><\/p>\n<h4><span style=\"color: #000000;\"><br \/>\nLedarskap<\/span><\/h4>\n<p>Det offentliga ledarskapet har kommit att professionaliseras alltmer och m\u00e5ste kunna hantera stor komplexitet och motstridiga v\u00e4rden. Forskningen inom programmet fokuserar p\u00e5 ledarskapets f\u00f6ruts\u00e4ttningar och utveckling \u00f6ver tid samt p\u00e5 hur chefer och andra \u00e5stadkommer samarbete inom organisationen.<\/p>\n<p>&nbsp;<\/p>\n<p>&nbsp;<\/p>\n<p><img loading=\"lazy\" decoding=\"async\" class=\"alignleft wp-image-1517\" src=\"https:\/\/www.kfi.se\/wp-content\/uploads\/2016\/08\/Granskning-upphandling-2-300x212.jpg\" alt=\"foto:henrik brunnsg\u00e5rd\" width=\"350\" height=\"247\" srcset=\"https:\/\/www.kfi.se\/wp-content\/uploads\/2016\/08\/Granskning-upphandling-2-300x212.jpg 300w, https:\/\/www.kfi.se\/wp-content\/uploads\/2016\/08\/Granskning-upphandling-2-768x543.jpg 768w, https:\/\/www.kfi.se\/wp-content\/uploads\/2016\/08\/Granskning-upphandling-2-1024x724.jpg 1024w, https:\/\/www.kfi.se\/wp-content\/uploads\/2016\/08\/Granskning-upphandling-2-772x546.jpg 772w, https:\/\/www.kfi.se\/wp-content\/uploads\/2016\/08\/Granskning-upphandling-2-272x192.jpg 272w, https:\/\/www.kfi.se\/wp-content\/uploads\/2016\/08\/Granskning-upphandling-2.jpg 1200w\" sizes=\"(max-width: 350px) 100vw, 350px\" \/><\/p>\n<h4><\/h4>\n<h4><span style=\"color: #000000;\">Granskning och upphandling<br \/>\n<\/span><\/h4>\n<p>Forskningen inom programmet behandlar olika granskningsformer s\u00e5som revision, tillsyn och utv\u00e4rdering samt deras betydelse f\u00f6r den kommunala verksamheten. Kommunernas verksamhet utf\u00f6rs i allt h\u00f6gre grad i kontraktslika relationer och studier g\u00f6rs ocks\u00e5 av hur styrning och kontroll sker i s\u00e5dana relationer och vad de betyder f\u00f6r den kommunala verksamheten.<\/p>\n<p>&nbsp;<\/p>\n<p>&nbsp;<\/p>\n<p><img loading=\"lazy\" decoding=\"async\" class=\"alignleft wp-image-1485\" src=\"https:\/\/www.kfi.se\/wp-content\/uploads\/2016\/08\/Diagram-2-300x223.jpg\" alt=\"foto:henrik brunnsg\u00e5rd\" width=\"350\" height=\"260\" srcset=\"https:\/\/www.kfi.se\/wp-content\/uploads\/2016\/08\/Diagram-2-300x223.jpg 300w, https:\/\/www.kfi.se\/wp-content\/uploads\/2016\/08\/Diagram-2-768x572.jpg 768w, https:\/\/www.kfi.se\/wp-content\/uploads\/2016\/08\/Diagram-2-1024x762.jpg 1024w, https:\/\/www.kfi.se\/wp-content\/uploads\/2016\/08\/Diagram-2-772x574.jpg 772w, https:\/\/www.kfi.se\/wp-content\/uploads\/2016\/08\/Diagram-2-258x192.jpg 258w, https:\/\/www.kfi.se\/wp-content\/uploads\/2016\/08\/Diagram-2.jpg 1200w\" sizes=\"(max-width: 350px) 100vw, 350px\" \/><\/p>\n<h4><\/h4>\n<h4><span style=\"color: #000000;\">Strategisk innovation och utveckling<br \/>\n<\/span><\/h4>\n<p>Det finns en \u00f6kad f\u00f6rv\u00e4ntan p\u00e5 offentlig sektor \u2013 b\u00e5de fr\u00e5n interna och externa parter \u2013 att vara innovativa. M\u00e5nga kommuner och regioner f\u00f6rs\u00f6ker d\u00e4rf\u00f6r leda och styra mot \u00f6kad grad av nyt\u00e4nkande. Men vad inneb\u00e4r egentligen begreppet innovation? Hur hanteras den inneboende konflikten mellan byr\u00e5kratins stabiliserande logik och nyt\u00e4nkandets f\u00f6r\u00e4ndringsideal? Genom att f\u00f6lja strategiska processer om innovation i kommuner och regioner f\u00f6rs\u00f6ker vi f\u00f6rst\u00e5 hur offentlig verksamhet kan styras, ledas och organiseras f\u00f6r att klara av en \u00f6kad f\u00f6r\u00e4ndringstakt och nya krav p\u00e5 att samverka med andra om innovation.<\/p>\n<p>&nbsp;<\/p>\n<p>&nbsp;<\/p>\n<p>&nbsp;<\/p>\n","protected":false},"excerpt":{"rendered":"<p>Verksamheten \u00e4r organiserad i \u00e5tta forskningsomr\u00e5den som alla arbetar med att initiera och genomf\u00f6ra forskningsprojekt samt f\u00f6rmedla forskningsresultat.<\/p>\n","protected":false},"author":3,"featured_media":738,"parent":0,"menu_order":0,"comment_status":"closed","ping_status":"closed","template":"","meta":{"footnotes":""},"class_list":["post-15","page","type-page","status-publish","has-post-thumbnail","hentry"],"_links":{"self":[{"href":"https:\/\/www.kfi.se\/wp-index.php\/wp-json\/wp\/v2\/pages\/15"}],"collection":[{"href":"https:\/\/www.kfi.se\/wp-index.php\/wp-json\/wp\/v2\/pages"}],"about":[{"href":"https:\/\/www.kfi.se\/wp-index.php\/wp-json\/wp\/v2\/types\/page"}],"author":[{"embeddable":true,"href":"https:\/\/www.kfi.se\/wp-index.php\/wp-json\/wp\/v2\/users\/3"}],"replies":[{"embeddable":true,"href":"https:\/\/www.kfi.se\/wp-index.php\/wp-json\/wp\/v2\/comments?post=15"}],"version-history":[{"count":155,"href":"https:\/\/www.kfi.se\/wp-index.php\/wp-json\/wp\/v2\/pages\/15\/revisions"}],"predecessor-version":[{"id":1539,"href":"https:\/\/www.kfi.se\/wp-index.php\/wp-json\/wp\/v2\/pages\/15\/revisions\/1539"}],"wp:featuredmedia":[{"embeddable":true,"href":"https:\/\/www.kfi.se\/wp-index.php\/wp-json\/wp\/v2\/media\/738"}],"wp:attachment":[{"href":"https:\/\/www.kfi.se\/wp-index.php\/wp-json\/wp\/v2\/media?parent=15"}],"curies":[{"name":"wp","href":"https:\/\/api.w.org\/{rel}","templated":true}]}}