{"id":172,"date":"2016-08-23T15:49:06","date_gmt":"2016-08-23T13:49:06","guid":{"rendered":"http:\/\/www.kfi.se\/wp-index.php\/?page_id=172"},"modified":"2025-12-10T11:39:30","modified_gmt":"2025-12-10T10:39:30","slug":"kfi-nytt","status":"publish","type":"page","link":"https:\/\/www.kfi.se\/wp-index.php\/kfi-nytt\/","title":{"rendered":"KFi-Nytt"},"content":{"rendered":"<p>Du hittar aktuell information om v\u00e5r verksamhet i v\u00e5rt nyhetsbrev <em>KFi-Nytt<\/em>, som skickas ut via e-post tre g\u00e5nger per \u00e5r.<\/p>\n<p><!--more--><\/p>\n<p><a href=\"https:\/\/www.kfi.se\/wp-content\/uploads\/2025\/12\/KFi-Nytt-nr-3-2025.pdf\">Klicka h\u00e4r f\u00f6r att l\u00e4sa det senaste numret<\/a><\/p>\n<p><img loading=\"lazy\" decoding=\"async\" class=\"alignleft wp-image-1529\" src=\"https:\/\/www.kfi.se\/wp-content\/uploads\/2016\/08\/Kvartalsbrev-fram-212x300.png\" alt=\"Kvartalsbrev-fram\" width=\"300\" height=\"424\" srcset=\"https:\/\/www.kfi.se\/wp-content\/uploads\/2016\/08\/Kvartalsbrev-fram-212x300.png 212w, https:\/\/www.kfi.se\/wp-content\/uploads\/2016\/08\/Kvartalsbrev-fram-768x1085.png 768w, https:\/\/www.kfi.se\/wp-content\/uploads\/2016\/08\/Kvartalsbrev-fram-725x1024.png 725w, https:\/\/www.kfi.se\/wp-content\/uploads\/2016\/08\/Kvartalsbrev-fram-772x1090.png 772w, https:\/\/www.kfi.se\/wp-content\/uploads\/2016\/08\/Kvartalsbrev-fram-871x1230.png 871w, https:\/\/www.kfi.se\/wp-content\/uploads\/2016\/08\/Kvartalsbrev-fram-136x192.png 136w, https:\/\/www.kfi.se\/wp-content\/uploads\/2016\/08\/Kvartalsbrev-fram.png 900w\" sizes=\"(max-width: 300px) 100vw, 300px\" \/><\/p>\n<h3><\/h3>\n<h3>Vill du prenumerera p\u00e5 KFi-nytt?<\/h3>\n<p>Kontakta <a href=\"mailto:viveka.nilsson@kfi.se\">Viveka Nilsson<\/a>, administrationsansvarig KFi.<\/p>\n<p>&nbsp;<\/p>\n<h3>L\u00e4nkar till tidigare KFi-nytt<\/h3>\n<p><a href=\"https:\/\/www.kfi.se\/wp-content\/uploads\/2025\/12\/KFi-Nytt-nr-3-2025.pdf\" target=\"_blank\" rel=\"noopener\">Nr 3 2025<\/a><\/p>\n<p><a href=\"https:\/\/www.kfi.se\/wp-content\/uploads\/2025\/09\/KFi-Nytt-nr-2-2025.pdf\" target=\"_blank\" rel=\"noopener\">Nr 2 2025<\/a><\/p>\n<p><a href=\"https:\/\/www.kfi.se\/wp-content\/uploads\/2025\/04\/KFi-Nytt-nr-1-2025.pdf\" target=\"_blank\" rel=\"noopener\">Nr 1 2025<\/a><\/p>\n<p><a href=\"https:\/\/www.kfi.se\/wp-content\/uploads\/2024\/12\/KFi-nytt-3-2024.pdf\" target=\"_blank\" rel=\"noopener\">Nr 3 2024<\/a><\/p>\n<p><a href=\"https:\/\/www.kfi.se\/wp-content\/uploads\/2024\/08\/KFI_Nytt_2_2024_korr_4.pdf\" target=\"_blank\" rel=\"noopener\">Nr 2 2024<\/a><\/p>\n<p><a href=\"https:\/\/www.kfi.se\/wp-content\/uploads\/2024\/04\/KFI_Nytt_1_2024.pdf\" target=\"_blank\" rel=\"noopener\">Nr 1 2024<\/a><\/p>\n<p><a href=\"https:\/\/www.kfi.se\/wp-content\/uploads\/2023\/12\/KFi-Nytt-3-2023.pdf\" target=\"_blank\" rel=\"noopener\">Nr 3 2023<\/a><\/p>\n<p><a href=\"https:\/\/www.kfi.se\/wp-content\/uploads\/2023\/09\/KFi-Nytt-2-2023-.pdf\" target=\"_blank\" rel=\"noopener\">Nr 2 2023<\/a><\/p>\n<p><a href=\"https:\/\/www.kfi.se\/wp-content\/uploads\/2023\/04\/KFi-Nytt-1-2023.pdf\" target=\"_blank\" rel=\"noopener\">Nr 1 2023<\/a><\/p>\n<p><a href=\"https:\/\/www.kfi.se\/wp-content\/uploads\/2022\/12\/KFi-Nytt-3-2022.pdf\" target=\"_blank\" rel=\"noopener\">Nr 3 2022<\/a><\/p>\n<p><a href=\"https:\/\/www.kfi.se\/wp-content\/uploads\/2022\/08\/KFI-nytt-nr-2-2022.pdf\" target=\"_blank\" rel=\"noopener\">Nr 2 2022<\/a><\/p>\n<p><a href=\"https:\/\/www.kfi.se\/wp-content\/uploads\/2022\/04\/KFi-Nytt-1-2022.pdf\" target=\"_blank\" rel=\"noopener\">Nr 1 2022<\/a><\/p>\n<p><a href=\"https:\/\/www.kfi.se\/wp-content\/uploads\/2021\/12\/KFi-nytt-nr3-2021.pdf\" target=\"_blank\" rel=\"noopener\">Nr 3 2021<\/a><\/p>\n<p><a href=\"https:\/\/www.kfi.se\/wp-content\/uploads\/2021\/09\/KFi-nytt-nr2-2021.pdf\" target=\"_blank\" rel=\"noopener\">Nr 2 2021<\/a><\/p>\n<p><a href=\"https:\/\/www.kfi.se\/wp-content\/uploads\/2021\/05\/KFi-nytt-2021-1.pdf\" target=\"_blank\" rel=\"noopener\">Nr 1 2021<\/a><\/p>\n","protected":false},"excerpt":{"rendered":"<p>Du hittar aktuell information om v\u00e5r verksamhet i v\u00e5rt nyhetsbrev KFi-Nytt, som skickas ut via e-post tre g\u00e5nger per \u00e5r.<\/p>\n","protected":false},"author":3,"featured_media":728,"parent":0,"menu_order":0,"comment_status":"closed","ping_status":"closed","template":"","meta":{"footnotes":""},"class_list":["post-172","page","type-page","status-publish","has-post-thumbnail","hentry"],"_links":{"self":[{"href":"https:\/\/www.kfi.se\/wp-index.php\/wp-json\/wp\/v2\/pages\/172"}],"collection":[{"href":"https:\/\/www.kfi.se\/wp-index.php\/wp-json\/wp\/v2\/pages"}],"about":[{"href":"https:\/\/www.kfi.se\/wp-index.php\/wp-json\/wp\/v2\/types\/page"}],"author":[{"embeddable":true,"href":"https:\/\/www.kfi.se\/wp-index.php\/wp-json\/wp\/v2\/users\/3"}],"replies":[{"embeddable":true,"href":"https:\/\/www.kfi.se\/wp-index.php\/wp-json\/wp\/v2\/comments?post=172"}],"version-history":[{"count":89,"href":"https:\/\/www.kfi.se\/wp-index.php\/wp-json\/wp\/v2\/pages\/172\/revisions"}],"predecessor-version":[{"id":6945,"href":"https:\/\/www.kfi.se\/wp-index.php\/wp-json\/wp\/v2\/pages\/172\/revisions\/6945"}],"wp:featuredmedia":[{"embeddable":true,"href":"https:\/\/www.kfi.se\/wp-index.php\/wp-json\/wp\/v2\/media\/728"}],"wp:attachment":[{"href":"https:\/\/www.kfi.se\/wp-index.php\/wp-json\/wp\/v2\/media?parent=172"}],"curies":[{"name":"wp","href":"https:\/\/api.w.org\/{rel}","templated":true}]}}