{"id":24,"date":"2016-08-23T10:09:48","date_gmt":"2016-08-23T08:09:48","guid":{"rendered":"http:\/\/www.kfi.se\/wp-index.php\/?page_id=24"},"modified":"2018-01-18T14:38:08","modified_gmt":"2018-01-18T13:38:08","slug":"publikationer","status":"publish","type":"page","link":"https:\/\/www.kfi.se\/wp-index.php\/publikationer\/","title":{"rendered":"Publikationer"},"content":{"rendered":"<h2>KFi-rapporter<\/h2>\n<p>inneh\u00e5ller den sortens forskningsresultat som bed\u00f6ms vara av allm\u00e4nt intresse. S\u00e5v\u00e4l forskare och praktiker som politiker ska kunna finna n\u00e5got av intresse. <!--more-->Genomg\u00e5ende g\u00e4ller att rapporterna \u00e4r vetenskapligt granskade.<br \/>\n<a href=\"http:\/\/www.kfi.se\/wp-index.php\/exempelsida\/publikationer\/kfi-rapporter\/\">H\u00e4r hittar du de senaste KFi-rapporterna.<\/a><\/p>\n<p>&nbsp;<\/p>\n<h2>U-rapporter<\/h2>\n<p>\u00e4r oftast avrapportering av uppdragsprojekt som varit f\u00f6rlagda till KFi. I dessa rapporter \u00e4r det i f\u00f6rsta hand uppdragsgivaren som \u00e4r den t\u00e4nkte mottagaren. Den som \u00e4r s\u00e4rskilt intresserad av en specifik fr\u00e5gest\u00e4llning kan finna matnyttiga j\u00e4mf\u00f6relser i dessa rapporter. U:et\u00a0st\u00e5r f\u00f6r\u00a0utredning, utveckling och utbildning.<br \/>\n<a href=\"http:\/\/www.kfi.se\/wp-index.php\/exempelsida\/publikationer\/kfi-u-rapporter\/\">H\u00e4r hittar du de senaste U-rapporterna.<\/a><\/p>\n<p>&nbsp;<\/p>\n<h2>ROS-rapporter<\/h2>\n<p>baseras p\u00e5 den s\u00e5 kallade ekonomichefsenk\u00e4ten som \u00e5rligen skickas ut till ekonomicheferna i samtliga svenska kommuner. Syftet med enk\u00e4ten \u00e4r att kartl\u00e4gga och beskriva situationen och utvecklingen inom omr\u00e5dena Redovisning, Organisering och Styrning. ROS-rapporten blir d\u00e4rmed en avspegling av r\u00e5dande omst\u00e4ndigheter i v\u00e5ra kommuner.<br \/>\n<a href=\"http:\/\/www.kfi.se\/wp-index.php\/exempelsida\/publikationer\/ros-rapporten\/\">H\u00e4r hittar du de senaste ROS-rapporterna.<\/a><\/p>\n<p>&nbsp;<\/p>\n<h2><strong>Natkom-rapporter<\/strong><\/h2>\n<p>inneh\u00e5ller forskningsresultat som utarbetats i samarbete med v\u00e5ra samarbetsorganisationer inom det Nationella kommunforskningsprogrammet, Natkom.<br \/>\n<a href=\"http:\/\/www.kfi.se\/wp-index.php\/exempelsida\/publikationer\/natkom-rapporter\/\">H\u00e4r hittar du de senaste Natkom-rapporterna.<\/a><\/p>\n<p>&nbsp;<\/p>\n<p>&nbsp;<\/p>\n<p>F\u00f6r mer information, kontakta g\u00e4rna <a href=\"http:\/\/www.kfi.se\/wp-index.php\/kontakt\/viveka-nilsson\/\"><span style=\"color: #000000;\">Viveka Nilsson,<\/span> <\/a>administrationsansvarig KFi, tel 031-786 59 00.<\/p>\n<h2><\/h2>\n","protected":false},"excerpt":{"rendered":"<p>KFi-rapporter inneh\u00e5ller den sortens forskningsresultat som bed\u00f6ms vara av allm\u00e4nt intresse. S\u00e5v\u00e4l forskare och praktiker som politiker ska kunna finna n\u00e5got av intresse.<\/p>\n","protected":false},"author":3,"featured_media":1469,"parent":0,"menu_order":0,"comment_status":"closed","ping_status":"closed","template":"","meta":{"footnotes":""},"class_list":["post-24","page","type-page","status-publish","has-post-thumbnail","hentry"],"_links":{"self":[{"href":"https:\/\/www.kfi.se\/wp-index.php\/wp-json\/wp\/v2\/pages\/24"}],"collection":[{"href":"https:\/\/www.kfi.se\/wp-index.php\/wp-json\/wp\/v2\/pages"}],"about":[{"href":"https:\/\/www.kfi.se\/wp-index.php\/wp-json\/wp\/v2\/types\/page"}],"author":[{"embeddable":true,"href":"https:\/\/www.kfi.se\/wp-index.php\/wp-json\/wp\/v2\/users\/3"}],"replies":[{"embeddable":true,"href":"https:\/\/www.kfi.se\/wp-index.php\/wp-json\/wp\/v2\/comments?post=24"}],"version-history":[{"count":39,"href":"https:\/\/www.kfi.se\/wp-index.php\/wp-json\/wp\/v2\/pages\/24\/revisions"}],"predecessor-version":[{"id":2215,"href":"https:\/\/www.kfi.se\/wp-index.php\/wp-json\/wp\/v2\/pages\/24\/revisions\/2215"}],"wp:featuredmedia":[{"embeddable":true,"href":"https:\/\/www.kfi.se\/wp-index.php\/wp-json\/wp\/v2\/media\/1469"}],"wp:attachment":[{"href":"https:\/\/www.kfi.se\/wp-index.php\/wp-json\/wp\/v2\/media?parent=24"}],"curies":[{"name":"wp","href":"https:\/\/api.w.org\/{rel}","templated":true}]}}