{"id":3166,"date":"2020-01-09T16:44:36","date_gmt":"2020-01-09T15:44:36","guid":{"rendered":"http:\/\/www.kfi.se\/wp-index.php\/?page_id=3166"},"modified":"2021-06-21T08:42:48","modified_gmt":"2021-06-21T06:42:48","slug":"christian-jensen","status":"publish","type":"page","link":"https:\/\/www.kfi.se\/wp-index.php\/kontakt\/christian-jensen\/","title":{"rendered":"Christian Jensen"},"content":{"rendered":"<figure id=\"attachment_3169\" aria-describedby=\"caption-attachment-3169\" style=\"width: 200px\" class=\"wp-caption alignnone\"><img loading=\"lazy\" decoding=\"async\" class=\"size-medium wp-image-3169\" src=\"https:\/\/www.kfi.se\/wp-content\/uploads\/2020\/01\/Christian-Jensen-200x300.jpg\" alt=\"\" width=\"200\" height=\"300\" srcset=\"https:\/\/www.kfi.se\/wp-content\/uploads\/2020\/01\/Christian-Jensen-200x300.jpg 200w, https:\/\/www.kfi.se\/wp-content\/uploads\/2020\/01\/Christian-Jensen-683x1024.jpg 683w, https:\/\/www.kfi.se\/wp-content\/uploads\/2020\/01\/Christian-Jensen-768x1152.jpg 768w, https:\/\/www.kfi.se\/wp-content\/uploads\/2020\/01\/Christian-Jensen-1024x1536.jpg 1024w, https:\/\/www.kfi.se\/wp-content\/uploads\/2020\/01\/Christian-Jensen-772x1158.jpg 772w, https:\/\/www.kfi.se\/wp-content\/uploads\/2020\/01\/Christian-Jensen-820x1230.jpg 820w, https:\/\/www.kfi.se\/wp-content\/uploads\/2020\/01\/Christian-Jensen-128x192.jpg 128w, https:\/\/www.kfi.se\/wp-content\/uploads\/2020\/01\/Christian-Jensen.jpg 1280w\" sizes=\"(max-width: 200px) 100vw, 200px\" \/><figcaption id=\"caption-attachment-3169\" class=\"wp-caption-text\">Foto: Henrik Brunnsg\u00e5rd<\/figcaption><\/figure>\n<h4 style=\"font-family: 'Noto Sans', sans-serif; font-style: normal; line-height: 1.63636em;\">Christian Jensen<\/h4>\n<p>Docent i f\u00f6retagsekonomi<br \/>\nUniversitetslektor, Handelsh\u00f6gskolan, G\u00f6teborgs universitet<\/p>\n<p>Telefon: 0702-49 55 02<br \/>\nE-post: christian.jensen@kfi.se<\/p>\n<p>&nbsp;<\/p>\n<h4 style=\"font-family: 'Noto Sans', sans-serif; font-style: normal; line-height: 1.63636em;\">Forskningsf\u00e4lt<\/h4>\n<p>Christian Jensens\u00a0 forskning r\u00f6r ledning, utveckling och f\u00f6r\u00e4ndring av, i och mellan stora offentliga organisationer, i synnerhet kopplat till projekt, samverkan och l\u00e4rande, och sp\u00e4nner \u00f6ver flera empiriska f\u00e4lt som integration, psykisk oh\u00e4lsa, n\u00e4ringslivs- och stadsutveckling.<\/p>\n<p>Christian Jensen \u00e4r medlem i KFi:s styrelse.<\/p>\n<p>&nbsp;<\/p>\n<h4>Doktorsavhandling<\/h4>\n<p>Jensen, C (2002). Maktens spr\u00e5k och spr\u00e5kets makt &#8211; om hur V\u00e4stra G\u00f6talandsregionen blev till. G\u00f6teborg: G\u00f6teborgs universitet.<\/p>\n<p>&nbsp;<\/p>\n<h4>Publikationer<\/h4>\n<p>L\u00e4nk till <a href=\"http:\/\/swepub.kb.se\/hitlist?q=christian+jensen&amp;r=%3Blar1%3A%28gu%29%3Bpers%3A%28Jensen+Christian+1963%29&amp;f=simp&amp;t=v&amp;s=c&amp;m=50\" target=\"_blank\" rel=\"noopener noreferrer\">Swepub<\/a><\/p>\n<p>&nbsp;<\/p>\n<p>&nbsp;<\/p>\n","protected":false},"excerpt":{"rendered":"<p>Christian Jensen Docent i f\u00f6retagsekonomi Universitetslektor, Handelsh\u00f6gskolan, G\u00f6teborgs universitet Telefon: 0702-49 55 02 E-post: christian.jensen@kfi.se &nbsp; Forskningsf\u00e4lt Christian Jensens\u00a0 forskning r\u00f6r ledning, utveckling och f\u00f6r\u00e4ndring av, i och mellan stora offentliga organisationer, i synnerhet kopplat till projekt, samverkan och l\u00e4rande, och sp\u00e4nner \u00f6ver flera empiriska f\u00e4lt som integration, psykisk oh\u00e4lsa, n\u00e4ringslivs- och stadsutveckling. Christian Jensen &hellip; <a href=\"https:\/\/www.kfi.se\/wp-index.php\/kontakt\/christian-jensen\/\" class=\"more-link\">Forts\u00e4tt l\u00e4sa <span class=\"screen-reader-text\">Christian Jensen<\/span><\/a><\/p>\n","protected":false},"author":3,"featured_media":0,"parent":39,"menu_order":0,"comment_status":"closed","ping_status":"closed","template":"","meta":{"footnotes":""},"class_list":["post-3166","page","type-page","status-publish","hentry"],"_links":{"self":[{"href":"https:\/\/www.kfi.se\/wp-index.php\/wp-json\/wp\/v2\/pages\/3166"}],"collection":[{"href":"https:\/\/www.kfi.se\/wp-index.php\/wp-json\/wp\/v2\/pages"}],"about":[{"href":"https:\/\/www.kfi.se\/wp-index.php\/wp-json\/wp\/v2\/types\/page"}],"author":[{"embeddable":true,"href":"https:\/\/www.kfi.se\/wp-index.php\/wp-json\/wp\/v2\/users\/3"}],"replies":[{"embeddable":true,"href":"https:\/\/www.kfi.se\/wp-index.php\/wp-json\/wp\/v2\/comments?post=3166"}],"version-history":[{"count":5,"href":"https:\/\/www.kfi.se\/wp-index.php\/wp-json\/wp\/v2\/pages\/3166\/revisions"}],"predecessor-version":[{"id":3173,"href":"https:\/\/www.kfi.se\/wp-index.php\/wp-json\/wp\/v2\/pages\/3166\/revisions\/3173"}],"up":[{"embeddable":true,"href":"https:\/\/www.kfi.se\/wp-index.php\/wp-json\/wp\/v2\/pages\/39"}],"wp:attachment":[{"href":"https:\/\/www.kfi.se\/wp-index.php\/wp-json\/wp\/v2\/media?parent=3166"}],"curies":[{"name":"wp","href":"https:\/\/api.w.org\/{rel}","templated":true}]}}