{"id":47,"date":"2016-08-23T10:23:08","date_gmt":"2016-08-23T08:23:08","guid":{"rendered":"http:\/\/www.kfi.se\/wp-index.php\/?page_id=47"},"modified":"2024-12-05T21:28:50","modified_gmt":"2024-12-05T20:28:50","slug":"kfi-dagen","status":"publish","type":"page","link":"https:\/\/www.kfi.se\/wp-index.php\/seminarier\/kfi-dagen\/","title":{"rendered":"KFi-dagen"},"content":{"rendered":"<p>P\u00e5 KFi-dagen presenteras aktuella forskningsstudier av framst\u00e5ende forskare och KFi-medarbetare.<!--more--><\/p>\n<h3>KFi-dag &#8211; 29 november 2024<\/h3>\n<p><a href=\"https:\/\/www.kfi.se\/wp-content\/uploads\/2024\/09\/KFi-dagen-2024.pdf\" target=\"_blank\" rel=\"noopener\">L\u00e4s programmet h\u00e4r (PDF)\u00a0<\/a><\/p>\n<p><a href=\"https:\/\/www.kfi.se\/wp-content\/uploads\/2024\/12\/KFI-dag-2024-presentation.zip\">&gt; Samtliga presentationer (PDF)<\/a><\/p>\n<p>Vi forts\u00e4tter i \u00e5r traditionen med att f\u00f6lja den aktuella utvecklingen vad g\u00e4ller ledarskap, organisation och ekonomi i den kommunala sektorn. Dagen kommer att inneh\u00e5lla sp\u00e4nnande f\u00f6rel\u00e4sningar och givande diskussioner kring f\u00f6ljande \u00e4mnen:<\/p>\n<p>\u2022 Administration i offentlig sektor: H\u00e4r v\u00e4xer administrationen \u2013 fem situationer att se upp f\u00f6r<br \/>\n\u2022 Evidensbaserad politik: Beslutsfattande baserat p\u00e5 vetenskapliga bevis och data<br \/>\n\u2022 Samarbete: \u00c4r samarbete mellan kommuner verkligen effektivt?<br \/>\n\u2022 \u00c5rsredovisningar: Kan en och samma \u00e5rsredovisning ge olika bilder av kommunens ekonomi?<br \/>\n\u2022 Krisjournalistik: Mediernas roll i krissituationer och hur vi hanterar information.<br \/>\n\u2022 Innovation och nya organisationsformer: Framtidens arbetsmodeller och organisatoriska strukturer<br \/>\n\u2022 Patientcentrerad v\u00e5rd: Hur s\u00e4tter vi patienten i fokus f\u00f6r att f\u00f6rb\u00e4ttra v\u00e5rdkvaliteten?<br \/>\n\u2022 Strategiarbete i offentliga verksamheter: Hantering av mots\u00e4ttningar och komplexa utmaningar<br \/>\n\u2022 Presidentvalet i USA: Valanalys \u2013 Biden eller Trump? Vad betyder resultatet f\u00f6r framtiden, utrikespolitiken och demokratin?<\/p>\n<p>Speciellt inbjudna g\u00e4ster i \u00e5r \u00e4r Anna H\u00e4ger Glenng\u00e5rd, Mats Fred, Bengt Johansson och S\u00f6ren Holmberg<\/p>\n<p>Vi hoppas att du under trevliga former vill tr\u00e4ffas f\u00f6r att utbyta erfarenheter med kollegor och medverkande forskare!<\/p>\n<p>Varmt v\u00e4lkommen<\/p>\n<p>&nbsp;<\/p>\n<p>&nbsp;<\/p>\n<p>&nbsp;<\/p>\n","protected":false},"excerpt":{"rendered":"<p>P\u00e5 KFi-dagen presenteras aktuella forskningsstudier av framst\u00e5ende forskare och KFi-medarbetare.<\/p>\n","protected":false},"author":3,"featured_media":469,"parent":22,"menu_order":0,"comment_status":"closed","ping_status":"closed","template":"","meta":{"footnotes":""},"class_list":["post-47","page","type-page","status-publish","has-post-thumbnail","hentry"],"_links":{"self":[{"href":"https:\/\/www.kfi.se\/wp-index.php\/wp-json\/wp\/v2\/pages\/47"}],"collection":[{"href":"https:\/\/www.kfi.se\/wp-index.php\/wp-json\/wp\/v2\/pages"}],"about":[{"href":"https:\/\/www.kfi.se\/wp-index.php\/wp-json\/wp\/v2\/types\/page"}],"author":[{"embeddable":true,"href":"https:\/\/www.kfi.se\/wp-index.php\/wp-json\/wp\/v2\/users\/3"}],"replies":[{"embeddable":true,"href":"https:\/\/www.kfi.se\/wp-index.php\/wp-json\/wp\/v2\/comments?post=47"}],"version-history":[{"count":32,"href":"https:\/\/www.kfi.se\/wp-index.php\/wp-json\/wp\/v2\/pages\/47\/revisions"}],"predecessor-version":[{"id":6273,"href":"https:\/\/www.kfi.se\/wp-index.php\/wp-json\/wp\/v2\/pages\/47\/revisions\/6273"}],"up":[{"embeddable":true,"href":"https:\/\/www.kfi.se\/wp-index.php\/wp-json\/wp\/v2\/pages\/22"}],"wp:featuredmedia":[{"embeddable":true,"href":"https:\/\/www.kfi.se\/wp-index.php\/wp-json\/wp\/v2\/media\/469"}],"wp:attachment":[{"href":"https:\/\/www.kfi.se\/wp-index.php\/wp-json\/wp\/v2\/media?parent=47"}],"curies":[{"name":"wp","href":"https:\/\/api.w.org\/{rel}","templated":true}]}}