{"id":4811,"date":"2022-09-17T21:17:03","date_gmt":"2022-09-17T19:17:03","guid":{"rendered":"https:\/\/www.kfi.se\/wp-index.php\/?page_id=4811"},"modified":"2022-09-17T21:23:09","modified_gmt":"2022-09-17T19:23:09","slug":"sanna-eklund","status":"publish","type":"page","link":"https:\/\/www.kfi.se\/wp-index.php\/kontakt\/sanna-eklund\/","title":{"rendered":"Sanna Eklund"},"content":{"rendered":"<p>&nbsp;<\/p>\n<h4>Sanna Eklund<\/h4>\n<p>Fil dr i offentlig f\u00f6rvaltning<\/p>\n<p>Telefon: 0732-09 61 44<\/p>\n<p>E-post: sanna.eklund@kfi.se<\/p>\n<p>&nbsp;<\/p>\n<h4>Forskningsf\u00e4lt<\/h4>\n<p><span style=\"font-family: 'Noto Sans', sans-serif; font-size: 16px; font-style: normal; font-weight: 400;\">Jag intresserar mig f\u00f6r ledning och styrning av och i offentliga organisationer. S\u00e4rskilt ligger mitt fokus p\u00e5 organisationer best\u00e5ende av starka professioner och hur professionella v\u00e4rden kan balanseras med andra v\u00e4rden som finns inom offentlig verksamhet. Ett ytterligare intresse ber\u00f6r hur marknadsl\u00f6sningar i den offentliga sektorn organiseras och vad de f\u00e5r f\u00f6r konsekvenser, inte minst f\u00f6r de tongivande professioner som befinner sig inom denna kontext. F\u00f6r n\u00e4rvarande \u00e4r jag involverad i ett projekt som handlar om digitalisering av undervisning i skolan. Jag driver ocks\u00e5 en studie som ber\u00f6r mellanh\u00e4nder i offentlig upphandling.<\/span><\/p>\n<h4>Doktorsavhandling<\/h4>\n<p style=\"font-size: 16px;\">Eklund, S (2021). New Public Professional Organisationalism: Towards new professional, managerial and cliental roles in Swedish schools.<\/p>\n<h4>Publikationer<\/h4>\n<p>Se l\u00e4nk till <a href=\"http:\/\/swepub.kb.se\/hitlist?d=swepub&amp;q=sanna+eklund+1985&amp;f=simp&amp;spell=true&amp;hist=true&amp;p=1\" target=\"_blank\" rel=\"noopener\">Swepub\u00a0<\/a><\/p>\n","protected":false},"excerpt":{"rendered":"<p>&nbsp; Sanna Eklund Fil dr i offentlig f\u00f6rvaltning Telefon: 0732-09 61 44 E-post: sanna.eklund@kfi.se &nbsp; Forskningsf\u00e4lt Jag intresserar mig f\u00f6r ledning och styrning av och i offentliga organisationer. S\u00e4rskilt ligger mitt fokus p\u00e5 organisationer best\u00e5ende av starka professioner och hur professionella v\u00e4rden kan balanseras med andra v\u00e4rden som finns inom offentlig verksamhet. Ett ytterligare intresse &hellip; <a href=\"https:\/\/www.kfi.se\/wp-index.php\/kontakt\/sanna-eklund\/\" class=\"more-link\">Forts\u00e4tt l\u00e4sa <span class=\"screen-reader-text\">Sanna Eklund<\/span><\/a><\/p>\n","protected":false},"author":3,"featured_media":0,"parent":39,"menu_order":0,"comment_status":"closed","ping_status":"closed","template":"","meta":{"footnotes":""},"class_list":["post-4811","page","type-page","status-publish","hentry"],"_links":{"self":[{"href":"https:\/\/www.kfi.se\/wp-index.php\/wp-json\/wp\/v2\/pages\/4811"}],"collection":[{"href":"https:\/\/www.kfi.se\/wp-index.php\/wp-json\/wp\/v2\/pages"}],"about":[{"href":"https:\/\/www.kfi.se\/wp-index.php\/wp-json\/wp\/v2\/types\/page"}],"author":[{"embeddable":true,"href":"https:\/\/www.kfi.se\/wp-index.php\/wp-json\/wp\/v2\/users\/3"}],"replies":[{"embeddable":true,"href":"https:\/\/www.kfi.se\/wp-index.php\/wp-json\/wp\/v2\/comments?post=4811"}],"version-history":[{"count":4,"href":"https:\/\/www.kfi.se\/wp-index.php\/wp-json\/wp\/v2\/pages\/4811\/revisions"}],"predecessor-version":[{"id":4815,"href":"https:\/\/www.kfi.se\/wp-index.php\/wp-json\/wp\/v2\/pages\/4811\/revisions\/4815"}],"up":[{"embeddable":true,"href":"https:\/\/www.kfi.se\/wp-index.php\/wp-json\/wp\/v2\/pages\/39"}],"wp:attachment":[{"href":"https:\/\/www.kfi.se\/wp-index.php\/wp-json\/wp\/v2\/media?parent=4811"}],"curies":[{"name":"wp","href":"https:\/\/api.w.org\/{rel}","templated":true}]}}