{"id":90,"date":"2016-08-23T10:51:39","date_gmt":"2016-08-23T08:51:39","guid":{"rendered":"http:\/\/www.kfi.se\/wp-index.php\/?page_id=90"},"modified":"2017-01-10T10:16:21","modified_gmt":"2017-01-10T09:16:21","slug":"finansiella-profiler","status":"publish","type":"page","link":"https:\/\/www.kfi.se\/wp-index.php\/verksamhet\/finansiella-profiler\/","title":{"rendered":"Finansiella profiler"},"content":{"rendered":"<p>F\u00f6r m\u00e5nga kommuner har den finansiella profilen blivit ett viktigt instrument och \u00e5terkommande inslag i s\u00e5v\u00e4l budget- som uppf\u00f6ljningsprocessen. <!--more-->Profilen bidrar till \u00f6kad effektivitet genom att belysa vilka starka och svaga finansiella sidor en kommun har i f\u00f6rh\u00e5llande till andra kommuner i en j\u00e4mf\u00f6rbar grupp.<\/p>\n<p><strong><a href=\"http:\/\/www.kfi.se\/wp-content\/uploads\/2016\/11\/Finansiella-profiler.pdf\" target=\"_blank\">H\u00e4r kan du l\u00e4sa en broschyr om finansiella profilen<\/a>.<\/strong><\/p>\n<p>F\u00f6r mer information, kontakta g\u00e4rna: Hans Petersson, analytiker och utredare, Kommunalekonomernas f\u00f6rening, KEF.<\/p>\n<p>&nbsp;<\/p>\n<p><img loading=\"lazy\" decoding=\"async\" class=\"alignleft wp-image-104\" src=\"https:\/\/www.kfi.se\/wp-content\/uploads\/2016\/08\/Fin_profil_grey-300x233.jpg\" alt=\"Mo\u0308lndal_14\" width=\"450\" height=\"350\" srcset=\"https:\/\/www.kfi.se\/wp-content\/uploads\/2016\/08\/Fin_profil_grey-300x233.jpg 300w, https:\/\/www.kfi.se\/wp-content\/uploads\/2016\/08\/Fin_profil_grey-768x597.jpg 768w, https:\/\/www.kfi.se\/wp-content\/uploads\/2016\/08\/Fin_profil_grey-772x600.jpg 772w, https:\/\/www.kfi.se\/wp-content\/uploads\/2016\/08\/Fin_profil_grey-247x192.jpg 247w, https:\/\/www.kfi.se\/wp-content\/uploads\/2016\/08\/Fin_profil_grey.jpg 943w\" sizes=\"(max-width: 450px) 100vw, 450px\" \/><\/p>\n","protected":false},"excerpt":{"rendered":"<p>F\u00f6r m\u00e5nga kommuner har den finansiella profilen blivit ett viktigt instrument och \u00e5terkommande inslag i s\u00e5v\u00e4l budget- som uppf\u00f6ljningsprocessen.<\/p>\n","protected":false},"author":3,"featured_media":846,"parent":37,"menu_order":0,"comment_status":"closed","ping_status":"closed","template":"","meta":{"footnotes":""},"class_list":["post-90","page","type-page","status-publish","has-post-thumbnail","hentry"],"_links":{"self":[{"href":"https:\/\/www.kfi.se\/wp-index.php\/wp-json\/wp\/v2\/pages\/90"}],"collection":[{"href":"https:\/\/www.kfi.se\/wp-index.php\/wp-json\/wp\/v2\/pages"}],"about":[{"href":"https:\/\/www.kfi.se\/wp-index.php\/wp-json\/wp\/v2\/types\/page"}],"author":[{"embeddable":true,"href":"https:\/\/www.kfi.se\/wp-index.php\/wp-json\/wp\/v2\/users\/3"}],"replies":[{"embeddable":true,"href":"https:\/\/www.kfi.se\/wp-index.php\/wp-json\/wp\/v2\/comments?post=90"}],"version-history":[{"count":20,"href":"https:\/\/www.kfi.se\/wp-index.php\/wp-json\/wp\/v2\/pages\/90\/revisions"}],"predecessor-version":[{"id":1404,"href":"https:\/\/www.kfi.se\/wp-index.php\/wp-json\/wp\/v2\/pages\/90\/revisions\/1404"}],"up":[{"embeddable":true,"href":"https:\/\/www.kfi.se\/wp-index.php\/wp-json\/wp\/v2\/pages\/37"}],"wp:featuredmedia":[{"embeddable":true,"href":"https:\/\/www.kfi.se\/wp-index.php\/wp-json\/wp\/v2\/media\/846"}],"wp:attachment":[{"href":"https:\/\/www.kfi.se\/wp-index.php\/wp-json\/wp\/v2\/media?parent=90"}],"curies":[{"name":"wp","href":"https:\/\/api.w.org\/{rel}","templated":true}]}}